composite?
False
Let n(l) = -5*l**2 + 2*l + 4. Let h be n(-3). Let y = h - -49. Suppose -474 = -x - y*x. Is x composite?
True
Suppose -5*g + 27 = -5*z + 72, 3*g + 4*z = 8. Is (-228230)/(-30) + 2 - g/(-6) a prime number?
False
Let f(b) = 3*b**2 + 77*b - 22. Let n be f(-26). Suppose -5*r - 7032 = -4*w, 5*w - 8784 = -n*r - 35. Is w prime?
True
Suppose 1276802 = 26*j + 32*j - 1735892. Is j composite?
True
Let o(k) = -10617*k - 407. Is o(-4) a composite number?
False
Let i(z) = 7*z**3 + 6*z**2 + z + 17. Suppose 323*r - 317*r = 54. Is i(r) a composite number?
True
Let w be 23 + -14 + 18*225. Let n = w - 760. Is n prime?
True
Let p(u) = -u**3 + 28*u**2 + 25*u - 65. Let o = 472 + -450. Is p(o) prime?
True
Suppose 12*h + 27*h = -104*h + 22358479. Is h prime?
True
Suppose 17*b - 108 = 28. Is 2/(((-22)/88)/((-58)/b)) a composite number?
True
Suppose 0 = -2*m - 9*m - 131978. Let p = m + 30597. Is p a prime number?
False
Suppose 167490 = -3*l - 5*n, 4*n + 297112 - 17962 = -5*l. Let k be (1/2)/(223317/l - -4). Suppose 0 = 2*s - k - 2709. Is s a composite number?
False
Let r = 775485 - 488314. Is r a prime number?
False
Let k be ((-32688)/180)/(2/25). Let j = k + 5223. Is j prime?
True
Suppose -38 = -11*g + 6*g - 4*y, 2*y = -3*g + 22. Is ((-2)/g)/((-13)/41379) a prime number?
True
Let s(u) = -700*u - 75. Let w(h) = 701*h + 76. Let y(d) = 3*s(d) + 4*w(d). Is y(3) a composite number?
True
Let o(t) = t**2 + 384*t - 241. Is o(94) a composite number?
True
Let y = 356 - 354. Is (0 + (-4175 - y))/(-1) a prime number?
True
Let i = -167280 - -284731. Is i a composite number?
True
Suppose g - 5 = 2*u, -2*g = -3*u - 4*g + 10. Suppose 0 = -3*t - n + 3, t - 5*t - n + 3 = u. Suppose t = -2*s + 2937 + 299. Is s composite?
True
Let r = -27 + 78. Suppose 378*t - 371*t = 3472. Let u = t - r. Is u prime?
False
Let p = 81273 - 44924. Is p a composite number?
True
Let c be (1668/(-8) - 0)*104/(-6). Suppose -4*o + c = -4790. Is o prime?
False
Let m be (-1)/(-2) - (-99)/6 - 5. Suppose -5*t - m*t + 1105 = 0. Is t a prime number?
False
Let s(f) = -f - 10. Let p be (-1)/4 - 165/12. Let v be s(p). Suppose -11*g = -16*g - 5*x + 4480, -v*x - 1804 = -2*g. Is g a composite number?
True
Suppose -1244531 = 63*q - 6111213 - 7041011. Is q a composite number?
False
Suppose -2*s + 192007 = -3*k + 65501, 2*k + 316265 = 5*s. Is s composite?
True
Suppose 0 = -5*b + 55655 + 46920. Suppose 6*m - m = b. Is m a prime number?
False
Is 6/(6/(-367))*(0 - 61) prime?
False
Is 88/(-16)*(-904088)/44 a composite number?
False
Let a(h) = -167*h**3 - 24*h**2 - 104*h - 6. Is a(-13) composite?
True
Let a be 242/88 + -2 + (-9)/(-4). Suppose -k = 5*l - 3255, 2*l + a*k = -0*k + 1315. Suppose 4*v - l + 139 = -r, 3*v = 5*r - 2555. Is r composite?
True
Let i be 6/(-9) + 1 - (-34)/6. Let t = 11 - i. Suppose t*k = -3*r + 5485, k + 3*r = 4*r + 1089. Is k prime?
False
Let t = -42 + 35. Let v(p) = -p**3 - 5*p**2 - 11*p - 23. Let y be v(t). Suppose 3*d = -y + 2669. Is d a composite number?
False
Let k = -222 - -214. Let w(q) = 5*q**3 + 11*q**2 - 16*q - 10. Let r(i) = -i**3 - i**2 + i. Let m(x) = 4*r(x) + w(x). Is m(k) a prime number?
False
Let y be 28/((-18)/765*5). Let w = y + 2481. Is w prime?
True
Let u(c) be the third derivative of 0*c + 0 - 3/8*c**4 - 5/6*c**3 - 8*c**2 + 1/10*c**5. Is u(-4) composite?
False
Let d be (-3 - -6)*-1 - 207. Let g be d/(-40) - 1/4. Suppose 3921 + 344 = g*p. Is p composite?
False
Let q(u) = -5*u - u - 6 + 2*u + u**2 - 3*u. Let w be q(8). Suppose 0 = -w*a - 2*a + 4*y + 2536, 2*y - 1248 = -2*a. Is a a prime number?
False
Let i(g) = -5 + 3*g - 8*g + 440*g**2 - 165*g**2. Is i(-8) composite?
True
Let j = -27978 - -59195. Suppose 387628 + j = 21*g. Is g prime?
False
Let j be 1 + 7 - (-69)/23. Let m be (-39)/(-26)*764/7*49. Suppose -5*a - m = -j*a. Is a a composite number?
True
Suppose 91 - 21 = 5*j. Suppose -6*d - j = -20*d. Is (-1)/((-3)/(-21)*d)*-191 a composite number?
True
Suppose -122925 - 21464 = 12619*z - 12626*z. Is z a composite number?
False
Let q = 17 - 183. Let b = 43 - q. Is b a composite number?
True
Is 1844479/7 + (-60)/(-10) a composite number?
False
Let k(v) = 420*v + 481. Is k(46) a composite number?
False
Suppose 41*b = -40*b + 9*b + 5771448. Is b a composite number?
True
Suppose 2*j = 7843 + 1795. Let p = -710 + j. Is p prime?
False
Let f(n) = -584*n + 10. Let h be f(2). Let p = 2581 + h. Is p a prime number?
True
Let o(y) = -7483*y - 13. Is o(-12) prime?
True
Suppose -35*a + 58 - 23 = 0. Let l(r) = 7403*r**2 - 33*r + 33. Is l(a) a prime number?
False
Let a be 74/(-8) + 5/20. Is 0 + -3 - 72270/a a prime number?
False
Let b = 482147 + -269964. Is b prime?
True
Let f = 178 - 218. Let d = f - -327. Is d composite?
True
Let a be 249/3 + (-15 - -7). Suppose -z + a = 13. Is z a composite number?
True
Let j = 82 + -78. Let d be (-6)/(-9)*1326/j. Is ((-17)/3)/(d/111 + -2) a composite number?
True
Is (1361/6)/(15/15770) - 1104/2484 composite?
False
Suppose -16*m = -44 - 36. Let v(b) = 459*b - 8. Is v(m) prime?
True
Suppose 4*s = -5*a + 80, 9*a - 12*a = -5*s - 85. Suppose -a*b = -13*b - 42. Is 19607/14 - 9/b composite?
False
Let f = 3700 - 7640. Is (-3)/(2 - f/3943 - 3) a composite number?
False
Let r(u) = -5*u + u**3 + 5534 - 1585 + u + 7*u - 3*u**2. Is r(0) a prime number?
False
Let f(x) = -x**2 + 3*x - 1. Let q(u) = -98*u - 18. Let t(j) = -3*f(j) + q(j). Is t(37) prime?
False
Let a be ((-6)/(-4))/(57/266). Let b be (-1)/(-7) - ((-237)/a - 0). Suppose -b = -4*x - 6. Is x prime?
True
Suppose 4*x = -2*i + 2*x + 4556, 0 = -2*x - 2. Let d = 12958 - i. Is d a composite number?
True
Let t(a) = 16944*a + 15937. Is t(103) a composite number?
False
Let r = 3806 + 4521. Suppose -4*c + r = -j, 0 = -c - 0*c + 2*j + 2087. Is c composite?
False
Let s = -15490 + 8819. Let i = -4570 - s. Is i prime?
False
Let p(h) = -1459*h**2 - 2*h + 6. Let s(c) = 4377*c**2 + 6*c - 17. Let r(t) = 11*p(t) + 4*s(t). Is r(1) composite?
False
Suppose 11*a - 252 = -32. Suppose -2*h - 2*h + a = 0, -n - h + 12 = 0. Let s(c) = c**3 + 3*c**2 + 11*c - 4. Is s(n) prime?
True
Suppose 3*g = s - 33, -6*s + 7*s = -5*g - 7. Suppose s*j = 24*j - 13518. Is j/2*8/12 prime?
True
Let y = 15 - 10. Suppose y*i = 8 - 3. Is (3244/3)/i - 16/(-24) a prime number?
False
Let d(u) = -2*u**2 + 10*u + 6. Let t be d(5). Let b be (-2)/(-6)*(-24714)/t. Let f = -738 - b. Is f prime?
False
Let h(o) = o**2 + 8*o - 128. Let k be h(-16). Is (-12 - -6101)/((-2)/(-2 - k)) composite?
False
Let x = -47 + 41. Let r be (1 - -936) + x/2 + 1. Suppose 5*u + 1876 = 2*b, b - u - 3*u - r = 0. Is b composite?
True
Let h(o) = 99*o**2 - 2*o + 0*o - 62 + 66*o**2 + 21*o - 25*o**2. Is h(3) a composite number?
True
Suppose -206686 = 15*t - 1369698 - 188503. Is t a prime number?
False
Suppose 0 = -0*q + 2*q - 134. Let c = -67 + q. Let u(k) = k**2 + k + 923. Is u(c) a prime number?
False
Let c = -685 + 1205. Suppose c = 3*z - z. Let r = z + -183. Is r a prime number?
False
Suppose -2*i + 10 = 0, 5*y - 9 = -2*i + 16. Is (0 + 2)*1087*y/6 a composite number?
False
Let w(q) = 224*q**2 - 104*q - 88. Let c be w(-36). Suppose -200*h + c = -192*h. Is h a composite number?
True
Let r(w) = w**3 + 8*w**2 - 2*w - 11. Let t be r(-8). Suppose -40*i - 8*i + 192 = 0. Suppose 785 = k - 0*k - i*n, -t*n = k - 785. Is k a composite number?
True
Suppose 0 = -3*o - 3*n + 51981, 5*o + 69310 = 9*o + 2*n. Suppose 3*p + o = 3*s, -p = -2*s + 7607 + 3948. Is s a prime number?
True
Suppose -14*n = 11*n + 2*n - 9404019. Is n prime?
False
Let y = -530803 - -759450. Is y a composite number?
False
Suppose 13*v + 244 = -3. Let l(u) = -u**3 + 19*u**2 + 61*u + 4. Is l(v) composite?
True
Let i = -27487 - -55960. Is i a prime number?
False
Suppose -4*r + 7*s - 10*s + 107971 = 0, -3*s = 5*r - 134966. Suppose -2*u = -7*u + r. Is u prime?
True
Suppose 5*a + 15 = -2*n - 3*n, n = 2*a + 12. Suppose -202 = n*y - 4*m, -y = -5*m + 45 + 41. Is (3 + y/(-6))*10 prime?
False
Is 156928 + (1001/7)/11 prime?
True
Let l = 4239 - -32594. Is l composite?
False
Suppose -8*c = -10*c. Suppose c = -15*d + 17*d - 9722. Is d composite?
False
Suppose -3*u = 3*p - 2701038, 1991616 + 1609783 = 4*p - u. Is p a composite number?
False
Suppose 5*y = -8*r + 11*r - 4512, 5*r - 7530 = 5*y. Suppose -5*x + 33869 = 2*c, -4*c + r = x - 5272. Is x a